{"id":31,"date":"2022-09-10T19:10:34","date_gmt":"2022-09-10T19:10:34","guid":{"rendered":"http:\/\/bgw-online.live\/?page_id=31"},"modified":"2022-09-10T20:03:11","modified_gmt":"2022-09-10T20:03:11","slug":"impressum","status":"publish","type":"page","link":"https:\/\/bgw-online.live\/startseite\/impressum\/","title":{"rendered":"Impressum"},"content":{"rendered":"\t\t<div data-elementor-type=\"wp-page\" data-elementor-id=\"31\" class=\"elementor elementor-31\" data-elementor-post-type=\"page\">\n\t\t\t\t\t\t\t\t\t<section class=\"elementor-section elementor-top-section elementor-element elementor-element-1ed5a70 elementor-section-boxed elementor-section-height-default elementor-section-height-default\" data-id=\"1ed5a70\" data-element_type=\"section\">\n\t\t\t\t\t\t<div class=\"elementor-container elementor-column-gap-default\">\n\t\t\t\t\t<div class=\"elementor-column elementor-col-100 elementor-top-column elementor-element elementor-element-8bfdd07\" data-id=\"8bfdd07\" data-element_type=\"column\">\n\t\t\t<div class=\"elementor-widget-wrap elementor-element-populated\">\n\t\t\t\t\t\t\t\t<div class=\"elementor-element elementor-element-7e0e98f elementor-widget elementor-widget-text-editor\" data-id=\"7e0e98f\" data-element_type=\"widget\" data-widget_type=\"text-editor.default\">\n\t\t\t\t<div class=\"elementor-widget-container\">\n\t\t\t<style>\/*! elementor - v3.17.0 - 01-11-2023 *\/\n.elementor-widget-text-editor.elementor-drop-cap-view-stacked .elementor-drop-cap{background-color:#69727d;color:#fff}.elementor-widget-text-editor.elementor-drop-cap-view-framed .elementor-drop-cap{color:#69727d;border:3px solid;background-color:transparent}.elementor-widget-text-editor:not(.elementor-drop-cap-view-default) .elementor-drop-cap{margin-top:8px}.elementor-widget-text-editor:not(.elementor-drop-cap-view-default) .elementor-drop-cap-letter{width:1em;height:1em}.elementor-widget-text-editor .elementor-drop-cap{float:left;text-align:center;line-height:1;font-size:50px}.elementor-widget-text-editor .elementor-drop-cap-letter{display:inline-block}<\/style>\t\t\t\t<section class=\"elementor-section elementor-top-section elementor-element elementor-element-703907b elementor-section-boxed elementor-section-height-default elementor-section-height-default\" data-id=\"703907b\" data-element_type=\"section\"><div class=\"elementor-container elementor-column-gap-default\"><div class=\"elementor-column elementor-col-100 elementor-top-column elementor-element elementor-element-71da8d6\" data-id=\"71da8d6\" data-element_type=\"column\"><div class=\"elementor-widget-wrap elementor-element-populated\"><div class=\"elementor-element elementor-element-42d8468 elementor-widget elementor-widget-text-editor\" data-id=\"42d8468\" data-element_type=\"widget\" data-widget_type=\"text-editor.default\"><div class=\"elementor-widget-container\"><h3>Veranstalter<\/h3><p>Berufsgenossenschaft f\u00fcr Gesundheitsdienst<br \/>und Wohlfahrtspflege (BGW)<\/p><p>\u00a0<\/p><h3>Verantwortlich f\u00fcr diese Website<\/h3><h4>Expo &amp; Conference Management GmbH<\/h4><p>An der Rechtschule 1-3<br \/>50667 K\u00f6ln<br \/>Telefon: +49 (0)221 \u2013 913 959-15<br \/>Telefax: +49 (0)221 \u2013 913 959-28<br \/>Internet:\u00a0<a href=\"http:\/\/www.ecm-koeln.com\/\">www.ecm-koeln.com<\/a><\/p><p><b>Vertretungsberechtigter Gesch\u00e4ftsf\u00fchrer:<\/b>s Alexander Meurer<\/p><p><b>Registergericht:<\/b>\u00a0Amtsgericht K\u00f6ln<\/p><p><b>Registernummer:<\/b>\u00a0HRB 508 13<\/p><p><b>Umsatzsteuer-Identifikationsnummer gem\u00e4\u00df \u00a727a Umsatzsteuergesetz:<\/b>\u00a0DE 230 535 145<\/p><p><b>Haftungshinweis:<\/b><br \/>Trotz sorgf\u00e4ltiger inhaltlicher Kontrolle \u00fcbernehmen wir keine Haftung f\u00fcr die Inhalte externer Links. F\u00fcr den Inhalt der verlinkten Seiten sind ausschlie\u00dflich deren Betreiber verantwortlich.<\/p><\/div><\/div><\/div><\/div><\/div><\/section>\t\t\t\t\t\t<\/div>\n\t\t\t\t<\/div>\n\t\t\t\t\t<\/div>\n\t\t<\/div>\n\t\t\t\t\t\t\t<\/div>\n\t\t<\/section>\n\t\t\t\t\t\t\t<\/div>\n\t\t","protected":false},"excerpt":{"rendered":"<p>Veranstalter Berufsgenossenschaft f\u00fcr Gesundheitsdienstund Wohlfahrtspflege (BGW) \u00a0 Verantwortlich f\u00fcr diese Website Expo &amp; Conference Management GmbH An der Rechtschule 1-350667 K\u00f6lnTelefon: +49 (0)221 \u2013 913 959-15Telefax: +49 (0)221 \u2013 913 959-28Internet:\u00a0www.ecm-koeln.com Vertretungsberechtigter Gesch\u00e4ftsf\u00fchrer:s Alexander Meurer Registergericht:\u00a0Amtsgericht K\u00f6ln Registernummer:\u00a0HRB 508 13 Umsatzsteuer-Identifikationsnummer gem\u00e4\u00df \u00a727a Umsatzsteuergesetz:\u00a0DE 230 535 145 Haftungshinweis:Trotz sorgf\u00e4ltiger inhaltlicher Kontrolle \u00fcbernehmen wir keine Haftung [&hellip;]<\/p>\n","protected":false},"author":1,"featured_media":0,"parent":0,"menu_order":0,"comment_status":"closed","ping_status":"closed","template":"","meta":{"footnotes":""},"_links":{"self":[{"href":"https:\/\/bgw-online.live\/startseite\/wp-json\/wp\/v2\/pages\/31"}],"collection":[{"href":"https:\/\/bgw-online.live\/startseite\/wp-json\/wp\/v2\/pages"}],"about":[{"href":"https:\/\/bgw-online.live\/startseite\/wp-json\/wp\/v2\/types\/page"}],"author":[{"embeddable":true,"href":"https:\/\/bgw-online.live\/startseite\/wp-json\/wp\/v2\/users\/1"}],"replies":[{"embeddable":true,"href":"https:\/\/bgw-online.live\/startseite\/wp-json\/wp\/v2\/comments?post=31"}],"version-history":[{"count":4,"href":"https:\/\/bgw-online.live\/startseite\/wp-json\/wp\/v2\/pages\/31\/revisions"}],"predecessor-version":[{"id":73,"href":"https:\/\/bgw-online.live\/startseite\/wp-json\/wp\/v2\/pages\/31\/revisions\/73"}],"wp:attachment":[{"href":"https:\/\/bgw-online.live\/startseite\/wp-json\/wp\/v2\/media?parent=31"}],"curies":[{"name":"wp","href":"https:\/\/api.w.org\/{rel}","templated":true}]}}